mposite?
True
Is 131519 a prime number?
True
Is 3107 a composite number?
True
Is 7289 prime?
False
Is 273583 a prime number?
False
Is 59623 a prime number?
False
Is 447 prime?
False
Is 557269 prime?
True
Is 6547 a composite number?
False
Is 13117 composite?
True
Is 478627 a prime number?
True
Is 5461 a composite number?
True
Is 4177 a prime number?
True
Is 14689 a composite number?
True
Is 30211 prime?
True
Is 736147 prime?
True
Is 782417 a composite number?
True
Is 6155 a prime number?
False
Is 244991 composite?
True
Is 368189 a prime number?
True
Is 30521 composite?
True
Is 911 prime?
True
Is 67593 composite?
True
Is 21833 a composite number?
True
Is 409 composite?
False
Is 368021 a prime number?
True
Is 66358 prime?
False
Is 3593 a prime number?
True
Is 23755 prime?
False
Is 1273 a composite number?
True
Is 58117 composite?
True
Is 5219 a composite number?
True
Is 62039 composite?
False
Is 877 prime?
True
Is 11791 prime?
False
Is 4079 prime?
True
Is 249911 a prime number?
True
Is 436993 a prime number?
True
Is 489494 a prime number?
False
Is 192361 prime?
False
Is 70199 composite?
False
Is 199123 a prime number?
False
Is 21181 prime?
False
Is 73669 composite?
True
Is 1701607 a prime number?
True
Is 43069 a composite number?
True
Is 8069 a composite number?
False
Is 3223 a composite number?
True
Is 137303 composite?
False
Is 27533 composite?
True
Is 8219 composite?
False
Is 43009 prime?
False
Is 583 a composite number?
True
Is 2767 a composite number?
False
Is 2767 composite?
False
Is 11233 composite?
True
Is 159969 composite?
True
Is 210871 composite?
True
Is 1230091 composite?
True
Is 17897 a prime number?
False
Is 499 a composite number?
False
Is 72019 prime?
True
Is 23357 a composite number?
False
Is 24569 prime?
False
Is 16667 a composite number?
True
Is 12307 a prime number?
False
Is 341371 prime?
False
Is 6589 a prime number?
False
Is 3675707 a prime number?
False
Is 139694 composite?
True
Is 3389 composite?
False
Is 1151 a composite number?
False
Is 63331 a composite number?
False
Is 9521 a prime number?
True
Is 113341 composite?
False
Is 2743 a composite number?
True
Is 55 a composite number?
True
Is 1132169 a prime number?
False
Is 28559 a composite number?
False
Is 7214 a prime number?
False
Is 45239 composite?
True
Is 184519 a composite number?
True
Is 30939 a composite number?
True
Is 9182 composite?
True
Is 1733 prime?
True
Is 15817 a composite number?
False
Is 2579 prime?
True
Is 2203 a prime number?
True
Is 204902 a composite number?
True
Is 321143 prime?
True
Is 3418 a composite number?
True
Is 147061 a composite number?
True
Is 323363 a composite number?
True
Is 39191 composite?
False
Is 499943 a prime number?
True
Is 29839 composite?
True
Is 40601 a prime number?
False
Is 101561 a composite number?
False
Is 66337 composite?
False
Is 14047 a prime number?
False
Is 1657 a composite number?
False
Is 145511 a composite number?
False
Is 4177 composite?
False
Is 2179 a prime number?
True
Is 237989 a prime number?
False
Is 95369 a composite number?
False
Is 54923 prime?
False
Is 369283 composite?
False
Is 977 a prime number?
True
Is 11101 a composite number?
True
Is 851 prime?
False
Is 6959 a composite number?
False
Is 782429 composite?
False
Is 5602 composite?
True
Is 9371 prime?
True
Is 23957 composite?
False
Is 186797 a composite number?
True
Is 2446973 composite?
False
Is 321137 a prime number?
False
Is 180979 a prime number?
False
Is 157787 composite?
True
Is 50821 composite?
False
Is 1840466 prime?
False
Is 14242 a composite number?
True
Is 222773 prime?
True
Is 557147 a composite number?
True
Is 6803 a prime number?
True
Is 287921 a prime number?
True
Is 8317 composite?
False
Is 276638 a composite number?
True
Is 149 composite?
False
Is 16547 prime?
True
Is 21313 a composite number?
False
Is 2307001 a prime number?
False
Is 63619 a composite number?
True
Is 2435 composite?
True
Is 229681 prime?
True
Is 1067 composite?
True
Is 18251 a prime number?
True
Is 2099 a prime number?
True
Is 997683 a composite number?
True
Is 2554 a composite number?
True
Is 22507 a prime number?
False
Is 3587 composite?
True
Is 424007 composite?
False
Is 2123 a composite number?
True
Is 83479 prime?
False
Is 69359 prime?
False
Is 34981 composite?
False
Is 11027 composite?
False
Is 59201 a composite number?
True
Is 41383 composite?
True
Is 2081 composite?
False
Is 16597 composite?
True
Is 96257 a prime number?
False
Is 1524805 a prime number?
False
Is 42899 prime?
True
Is 25837 prime?
False
Is 5140619 prime?
False
Is 10091 composite?
False
Is 3163 a prime number?
True
Is 10655 a composite number?
True
Is 583 composite?
True
Is 92935 composite?
True
Is 1081 composite?
True
Is 71223 prime?
False
Is 635423 a prime number?
True
Is 186685 composite?
True
Is 2843 composite?
False
Is 18593 a composite number?
False
Is 112811 prime?
False
Is 11 composite?
False
Is 5541 composite?
True
Is 420379 a prime number?
False
Is 24727 a prime number?
False
Is 16879 prime?
True
Is 37279 a prime number?
False
Is 3181 a prime number?
True
Is 31817 prime?
True
Is 26293 prime?
True
Is 8663 a prime number?
True
Is 110089 composite?
True
Is 315751 a prime number?
True
Is 2147 a prime number?
False
Is 150697 a composite number?
False
Is 1019213 a composite number?
True
Is 4847 a prime number?
False
Is 15313 a prime number?
True
Is 188438 a prime number?
False
Is 123106 composite?
True
Is 11383 a prime number?
True
Is 3943 a composite number?
False
Is 1973 composite?
False
Is 269869 a prime number?
False
Is 1673 composite?
True
Is 382 prime?
False
Is 144539 a composite number?
False
Is 121661 prime?
True
Is 5045 composite?
True
Is 11855 composite?
True
Is 40253 a composite number?
False
Is 2385299 composite?
True
Is 6743 composite?
True
Is 960829 prime?
True
Is 4561 a prime number?
True
Is 120261 prime?
False
Is 165161 a composite number?
False
Is 40861 prime?
False
Is 157427 prime?
True
Is 10781 a prime number?
True
Is 3659 a prime number?
True
Is 14738 a prime number?
False
Is 2374 prime?
False
Is 455705 a prime number?
False
Is 91853 a prime number?
False
Is 16519 a composite number?
False
Is 9521 a composite number?
False
Is 286489 a composite number?
True
Is 23979 a composite number?
True
Is 939089 a prime number?
True
Is 14633 a prime number?
True
Is 8329 a composite number?
False
Is 7153 composite?
True
Is 58831 a composite number?
False
Is 33377 prime?
True
Is 630473 a composite number?
False
Is 4547 a prime number?
True
Is 341 a composite number?
True
Is 2063 prime?
True
Is 532241 prime?
True
Is 382513 prime?
False
Is 2925179 a prime number?
True
Is 26293 a composite number?
False
Is 1466581 composite?
True
Is 3977 composite?
True
Is 321989 a composite number?
True
Is 4049 a prime number?
True
Is 6323 prime?
True
Is 198461 a prime number?
True
Is 3151 prime?
False
Is 18583 a composite number?
False
Is 31177 composite?
False
Is 4931 prime?
True
Is 17717 prime?
False
Is 22433 a composite number?
False
Is 86159 prime?
False
Is 3659 a prime number?
True
Is 75343 a prime number?
False
Is 625763 prime?
True
Is 299603 a prime number?
True
Is 110183 a composite number?
False
Is 93667 prime?
False
Is 255545 a prime number?
False
Is 75271 a prime number?
False
Is 87313 a prime number?
True
Is 117659 prime?
True
Is 175909 prime?
True
Is 45803 a composite number?
True
Is 490418 a composite number?
True
Is 12799 a composite number?
False
Is 93037 a composite number?
True
Is 3045559 prime?
False
Is 15431 prime?
False
Is 98453 composite?
False
Is 53005 prime?
False
Is 236391 a composite number?
True
Is 1201847 a composite number?
True
Is 1057 a composite number?
True
Is 48079 a composite number?
False
Is 2073 a composite number?
True
Is 94 prime?
False
Is 16663 prime?
False
Is 2409139 a composite number?
True
Is 10519 a prime number?
False
Is 11366 prime?
False
Is 481331 prime?
False
Is 18931 a prime number?
False
Is 6637 composite?
False
Is 64551 composite?
True
Is 84937 a composite number?
True
Is 353917 prime?
True
Is 7283 prime?
True
Is 135389 prime?
True
Is 10391 a prime number?
True
Is 3063607 prime?
True
Is 28759 a composite number?
False
Is 851027 composite?
True
Is 7061 a composite number?
True
Is 53401 composite?
False
Is 60859 a prime number?
True
Is 18089 composi